


{"id":94,"date":"2020-07-13T15:33:45","date_gmt":"2020-07-13T18:33:45","guid":{"rendered":"http:\/\/airjet.com.br\/?page_id=94"},"modified":"2021-08-25T09:47:58","modified_gmt":"2021-08-25T12:47:58","slug":"airbus-ec-155-b1","status":"publish","type":"page","link":"https:\/\/airjet.com.br\/?page_id=94","title":{"rendered":"Airbus &#8211; EC 155 &#8211; B1"},"content":{"rendered":"\n<p>Helic\u00f3ptero de m\u00e9dio porte, com capacidade para at\u00e9 nove passageiros e um piloto em opera\u00e7\u00f5es VFR (Visual Flight Rules ou, em portugu\u00eas, Regras de Voo Visual) e at\u00e9 oito passageiros em opera\u00e7\u00f5es IFR (Instrument Flight Rules ou, em portugu\u00eas, Regras de Voo por Instrumento). Seu baixo n\u00edvel de ru\u00eddo e vibra\u00e7\u00e3o e capacidade para voos com maior velocidade consagraram esta como uma das aeronaves mais elegantes e confort\u00e1veis da categoria.<\/p>\n\n\n\n<ul><li><strong>Servi\u00e7os:<\/strong>&nbsp;executivo e SAE.<\/li><li><strong>Capacidade:<\/strong>&nbsp;9 passageiros.<\/li><li><strong>Velocidade:<\/strong>&nbsp;287 km\/h.<\/li><li><strong>Alcance:<\/strong>&nbsp;920 km.<\/li><\/ul>\n\n\n<div id=\"control\"><\/div><ul class=\"blocks-gallery-grid\"><li><img width=\"1920\" height=\"1080\" src=\"https:\/\/airjet.com.br\/wp-content\/uploads\/2020\/07\/EC135_Externo_04.jpg\" class=\"attachment-full size-full\" alt=\"\" loading=\"lazy\" srcset=\"https:\/\/airjet.com.br\/wp-content\/uploads\/2020\/07\/EC135_Externo_04.jpg 1920w, https:\/\/airjet.com.br\/wp-content\/uploads\/2020\/07\/EC135_Externo_04-300x169.jpg 300w, https:\/\/airjet.com.br\/wp-content\/uploads\/2020\/07\/EC135_Externo_04-1024x576.jpg 1024w, https:\/\/airjet.com.br\/wp-content\/uploads\/2020\/07\/EC135_Externo_04-768x432.jpg 768w, https:\/\/airjet.com.br\/wp-content\/uploads\/2020\/07\/EC135_Externo_04-1536x864.jpg 1536w, https:\/\/airjet.com.br\/wp-content\/uploads\/2020\/07\/EC135_Externo_04-1200x675.jpg 1200w\" sizes=\"(max-width: 1920px) 100vw, 1920px\" \/><\/li><li><img width=\"1920\" height=\"1080\" src=\"https:\/\/airjet.com.br\/wp-content\/uploads\/2020\/07\/EC135_Externo_05.jpg\" class=\"attachment-full size-full\" alt=\"\" loading=\"lazy\" srcset=\"https:\/\/airjet.com.br\/wp-content\/uploads\/2020\/07\/EC135_Externo_05.jpg 1920w, https:\/\/airjet.com.br\/wp-content\/uploads\/2020\/07\/EC135_Externo_05-300x169.jpg 300w, https:\/\/airjet.com.br\/wp-content\/uploads\/2020\/07\/EC135_Externo_05-1024x576.jpg 1024w, https:\/\/airjet.com.br\/wp-content\/uploads\/2020\/07\/EC135_Externo_05-768x432.jpg 768w, https:\/\/airjet.com.br\/wp-content\/uploads\/2020\/07\/EC135_Externo_05-1536x864.jpg 1536w, https:\/\/airjet.com.br\/wp-content\/uploads\/2020\/07\/EC135_Externo_05-1200x675.jpg 1200w\" sizes=\"(max-width: 1920px) 100vw, 1920px\" \/><\/li><li><img width=\"1920\" height=\"1080\" src=\"https:\/\/airjet.com.br\/wp-content\/uploads\/2020\/07\/EC135_Interno_02.jpg\" class=\"attachment-full size-full\" alt=\"\" loading=\"lazy\" srcset=\"https:\/\/airjet.com.br\/wp-content\/uploads\/2020\/07\/EC135_Interno_02.jpg 1920w, https:\/\/airjet.com.br\/wp-content\/uploads\/2020\/07\/EC135_Interno_02-300x169.jpg 300w, https:\/\/airjet.com.br\/wp-content\/uploads\/2020\/07\/EC135_Interno_02-1024x576.jpg 1024w, https:\/\/airjet.com.br\/wp-content\/uploads\/2020\/07\/EC135_Interno_02-768x432.jpg 768w, https:\/\/airjet.com.br\/wp-content\/uploads\/2020\/07\/EC135_Interno_02-1536x864.jpg 1536w, https:\/\/airjet.com.br\/wp-content\/uploads\/2020\/07\/EC135_Interno_02-1200x675.jpg 1200w\" sizes=\"(max-width: 1920px) 100vw, 1920px\" \/><\/li><li><img width=\"1920\" height=\"1080\" src=\"https:\/\/airjet.com.br\/wp-content\/uploads\/2020\/07\/EC135_Interno_04.jpg\" class=\"attachment-full size-full\" alt=\"\" loading=\"lazy\" srcset=\"https:\/\/airjet.com.br\/wp-content\/uploads\/2020\/07\/EC135_Interno_04.jpg 1920w, https:\/\/airjet.com.br\/wp-content\/uploads\/2020\/07\/EC135_Interno_04-300x169.jpg 300w, https:\/\/airjet.com.br\/wp-content\/uploads\/2020\/07\/EC135_Interno_04-1024x576.jpg 1024w, https:\/\/airjet.com.br\/wp-content\/uploads\/2020\/07\/EC135_Interno_04-768x432.jpg 768w, https:\/\/airjet.com.br\/wp-content\/uploads\/2020\/07\/EC135_Interno_04-1536x864.jpg 1536w, https:\/\/airjet.com.br\/wp-content\/uploads\/2020\/07\/EC135_Interno_04-1200x675.jpg 1200w\" sizes=\"(max-width: 1920px) 100vw, 1920px\" \/><\/li><\/ul><div id=\"thumbs\" class=\"d-lg-block d-none\"><a><img width=\"1920\" height=\"1080\" src=\"https:\/\/airjet.com.br\/wp-content\/uploads\/2020\/07\/EC135_Externo_04.jpg\" class=\"attachment-small size-small\" alt=\"\" loading=\"lazy\" srcset=\"https:\/\/airjet.com.br\/wp-content\/uploads\/2020\/07\/EC135_Externo_04.jpg 1920w, https:\/\/airjet.com.br\/wp-content\/uploads\/2020\/07\/EC135_Externo_04-300x169.jpg 300w, https:\/\/airjet.com.br\/wp-content\/uploads\/2020\/07\/EC135_Externo_04-1024x576.jpg 1024w, https:\/\/airjet.com.br\/wp-content\/uploads\/2020\/07\/EC135_Externo_04-768x432.jpg 768w, https:\/\/airjet.com.br\/wp-content\/uploads\/2020\/07\/EC135_Externo_04-1536x864.jpg 1536w, https:\/\/airjet.com.br\/wp-content\/uploads\/2020\/07\/EC135_Externo_04-1200x675.jpg 1200w\" sizes=\"(max-width: 1920px) 100vw, 1920px\" \/><\/a><a><img width=\"1920\" height=\"1080\" src=\"https:\/\/airjet.com.br\/wp-content\/uploads\/2020\/07\/EC135_Externo_05.jpg\" class=\"attachment-small size-small\" alt=\"\" loading=\"lazy\" srcset=\"https:\/\/airjet.com.br\/wp-content\/uploads\/2020\/07\/EC135_Externo_05.jpg 1920w, https:\/\/airjet.com.br\/wp-content\/uploads\/2020\/07\/EC135_Externo_05-300x169.jpg 300w, https:\/\/airjet.com.br\/wp-content\/uploads\/2020\/07\/EC135_Externo_05-1024x576.jpg 1024w, https:\/\/airjet.com.br\/wp-content\/uploads\/2020\/07\/EC135_Externo_05-768x432.jpg 768w, https:\/\/airjet.com.br\/wp-content\/uploads\/2020\/07\/EC135_Externo_05-1536x864.jpg 1536w, https:\/\/airjet.com.br\/wp-content\/uploads\/2020\/07\/EC135_Externo_05-1200x675.jpg 1200w\" sizes=\"(max-width: 1920px) 100vw, 1920px\" \/><\/a><a><img width=\"1920\" height=\"1080\" src=\"https:\/\/airjet.com.br\/wp-content\/uploads\/2020\/07\/EC135_Interno_02.jpg\" class=\"attachment-small size-small\" alt=\"\" loading=\"lazy\" srcset=\"https:\/\/airjet.com.br\/wp-content\/uploads\/2020\/07\/EC135_Interno_02.jpg 1920w, https:\/\/airjet.com.br\/wp-content\/uploads\/2020\/07\/EC135_Interno_02-300x169.jpg 300w, https:\/\/airjet.com.br\/wp-content\/uploads\/2020\/07\/EC135_Interno_02-1024x576.jpg 1024w, https:\/\/airjet.com.br\/wp-content\/uploads\/2020\/07\/EC135_Interno_02-768x432.jpg 768w, https:\/\/airjet.com.br\/wp-content\/uploads\/2020\/07\/EC135_Interno_02-1536x864.jpg 1536w, https:\/\/airjet.com.br\/wp-content\/uploads\/2020\/07\/EC135_Interno_02-1200x675.jpg 1200w\" sizes=\"(max-width: 1920px) 100vw, 1920px\" \/><\/a><a><img width=\"1920\" height=\"1080\" src=\"https:\/\/airjet.com.br\/wp-content\/uploads\/2020\/07\/EC135_Interno_04.jpg\" class=\"attachment-small size-small\" alt=\"\" loading=\"lazy\" srcset=\"https:\/\/airjet.com.br\/wp-content\/uploads\/2020\/07\/EC135_Interno_04.jpg 1920w, https:\/\/airjet.com.br\/wp-content\/uploads\/2020\/07\/EC135_Interno_04-300x169.jpg 300w, https:\/\/airjet.com.br\/wp-content\/uploads\/2020\/07\/EC135_Interno_04-1024x576.jpg 1024w, https:\/\/airjet.com.br\/wp-content\/uploads\/2020\/07\/EC135_Interno_04-768x432.jpg 768w, https:\/\/airjet.com.br\/wp-content\/uploads\/2020\/07\/EC135_Interno_04-1536x864.jpg 1536w, https:\/\/airjet.com.br\/wp-content\/uploads\/2020\/07\/EC135_Interno_04-1200x675.jpg 1200w\" sizes=\"(max-width: 1920px) 100vw, 1920px\" \/><\/a><\/div>","protected":false},"excerpt":{"rendered":"<p>Helic\u00f3ptero de m\u00e9dio porte, com capacidade para at\u00e9 nove passageiros e um piloto em opera\u00e7\u00f5es VFR (Visual Flight Rules ou, em portugu\u00eas, Regras de Voo Visual) e at\u00e9 oito passageiros em opera\u00e7\u00f5es IFR (Instrument Flight Rules ou, em portugu\u00eas, Regras de Voo por Instrumento). Seu baixo n\u00edvel de ru\u00eddo e vibra\u00e7\u00e3o e capacidade para voos [&hellip;]<\/p>\n","protected":false},"author":1,"featured_media":885,"parent":0,"menu_order":0,"comment_status":"closed","ping_status":"closed","template":"","meta":[],"yoast_head":"<!-- This site is optimized with the Yoast SEO plugin v14.9 - https:\/\/yoast.com\/wordpress\/plugins\/seo\/ -->\n<meta name=\"robots\" content=\"index, follow, max-snippet:-1, max-image-preview:large, max-video-preview:-1\" \/>\n<link rel=\"canonical\" href=\"http:\/\/airjet.com.br\/?page_id=94\" \/>\n<meta property=\"og:locale\" content=\"pt_BR\" \/>\n<meta property=\"og:type\" content=\"article\" \/>\n<meta property=\"og:title\" content=\"Airbus - EC 155 - B1 - Air Jet Taxi A\u00e9reo\" \/>\n<meta property=\"og:description\" content=\"Helic\u00f3ptero de m\u00e9dio porte, com capacidade para at\u00e9 nove passageiros e um piloto em opera\u00e7\u00f5es VFR (Visual Flight Rules ou, em portugu\u00eas, Regras de Voo Visual) e at\u00e9 oito passageiros em opera\u00e7\u00f5es IFR (Instrument Flight Rules ou, em portugu\u00eas, Regras de Voo por Instrumento). Seu baixo n\u00edvel de ru\u00eddo e vibra\u00e7\u00e3o e capacidade para voos [&hellip;]\" \/>\n<meta property=\"og:url\" content=\"http:\/\/airjet.com.br\/?page_id=94\" \/>\n<meta property=\"og:site_name\" content=\"Air Jet Taxi A\u00e9reo\" \/>\n<meta property=\"article:modified_time\" content=\"2021-08-25T12:47:58+00:00\" \/>\n<meta property=\"og:image\" content=\"https:\/\/airjet.com.br\/wp-content\/uploads\/2021\/08\/banner_airjet_pag_interna.png\" \/>\n\t<meta property=\"og:image:width\" content=\"1920\" \/>\n\t<meta property=\"og:image:height\" content=\"720\" \/>\n<meta name=\"twitter:card\" content=\"summary_large_image\" \/>\n<script type=\"application\/ld+json\" class=\"yoast-schema-graph\">{\"@context\":\"https:\/\/schema.org\",\"@graph\":[{\"@type\":\"Organization\",\"@id\":\"https:\/\/airjet.com.br\/#organization\",\"name\":\"Air Jet Taxi A\\u00e9reo\",\"url\":\"https:\/\/airjet.com.br\/\",\"sameAs\":[\"https:\/\/www.instagram.com\/airjettaxiaereo\/\"],\"logo\":{\"@type\":\"ImageObject\",\"@id\":\"https:\/\/airjet.com.br\/#logo\",\"inLanguage\":\"pt-BR\",\"url\":\"https:\/\/airjet.com.br\/wp-content\/uploads\/2020\/07\/logo-airjet.png\",\"width\":128,\"height\":47,\"caption\":\"Air Jet Taxi A\\u00e9reo\"},\"image\":{\"@id\":\"https:\/\/airjet.com.br\/#logo\"}},{\"@type\":\"WebSite\",\"@id\":\"https:\/\/airjet.com.br\/#website\",\"url\":\"https:\/\/airjet.com.br\/\",\"name\":\"Air Jet Taxi A\\u00e9reo\",\"description\":\"\",\"publisher\":{\"@id\":\"https:\/\/airjet.com.br\/#organization\"},\"potentialAction\":[{\"@type\":\"SearchAction\",\"target\":\"https:\/\/airjet.com.br\/?s={search_term_string}\",\"query-input\":\"required name=search_term_string\"}],\"inLanguage\":\"pt-BR\"},{\"@type\":\"ImageObject\",\"@id\":\"http:\/\/airjet.com.br\/?page_id=94#primaryimage\",\"inLanguage\":\"pt-BR\",\"url\":\"https:\/\/airjet.com.br\/wp-content\/uploads\/2021\/08\/banner_airjet_pag_interna.png\",\"width\":1920,\"height\":720},{\"@type\":\"WebPage\",\"@id\":\"http:\/\/airjet.com.br\/?page_id=94#webpage\",\"url\":\"http:\/\/airjet.com.br\/?page_id=94\",\"name\":\"Airbus - EC 155 - B1 - Air Jet Taxi A\\u00e9reo\",\"isPartOf\":{\"@id\":\"https:\/\/airjet.com.br\/#website\"},\"primaryImageOfPage\":{\"@id\":\"http:\/\/airjet.com.br\/?page_id=94#primaryimage\"},\"datePublished\":\"2020-07-13T18:33:45+00:00\",\"dateModified\":\"2021-08-25T12:47:58+00:00\",\"inLanguage\":\"pt-BR\",\"potentialAction\":[{\"@type\":\"ReadAction\",\"target\":[\"http:\/\/airjet.com.br\/?page_id=94\"]}]}]}<\/script>\n<!-- \/ Yoast SEO plugin. -->","_links":{"self":[{"href":"https:\/\/airjet.com.br\/index.php?rest_route=\/wp\/v2\/pages\/94"}],"collection":[{"href":"https:\/\/airjet.com.br\/index.php?rest_route=\/wp\/v2\/pages"}],"about":[{"href":"https:\/\/airjet.com.br\/index.php?rest_route=\/wp\/v2\/types\/page"}],"author":[{"embeddable":true,"href":"https:\/\/airjet.com.br\/index.php?rest_route=\/wp\/v2\/users\/1"}],"replies":[{"embeddable":true,"href":"https:\/\/airjet.com.br\/index.php?rest_route=%2Fwp%2Fv2%2Fcomments&post=94"}],"version-history":[{"count":2,"href":"https:\/\/airjet.com.br\/index.php?rest_route=\/wp\/v2\/pages\/94\/revisions"}],"predecessor-version":[{"id":323,"href":"https:\/\/airjet.com.br\/index.php?rest_route=\/wp\/v2\/pages\/94\/revisions\/323"}],"wp:featuredmedia":[{"embeddable":true,"href":"https:\/\/airjet.com.br\/index.php?rest_route=\/wp\/v2\/media\/885"}],"wp:attachment":[{"href":"https:\/\/airjet.com.br\/index.php?rest_route=%2Fwp%2Fv2%2Fmedia&parent=94"}],"curies":[{"name":"wp","href":"https:\/\/api.w.org\/{rel}","templated":true}]}}