


{"id":65,"date":"2020-07-10T17:01:44","date_gmt":"2020-07-10T20:01:44","guid":{"rendered":"http:\/\/airjet.com.br\/?page_id=65"},"modified":"2024-03-04T18:45:35","modified_gmt":"2024-03-04T21:45:35","slug":"executivo","status":"publish","type":"page","link":"https:\/\/airjet.com.br\/?page_id=65","title":{"rendered":"Executivo"},"content":{"rendered":"\n<p>S\u00e3o muitas as vantagens do voo ponto a ponto para quem viaja a neg\u00f3cios ou a lazer: agilidade, conforto, privacidade e, por que n\u00e3o, estilo.<\/p>\n\n\n\n<p>Nossa equipe est\u00e1 preparada para oferecer a voc\u00ea e a seus acompanhantes a melhor experi\u00eancia.<\/p>\n","protected":false},"excerpt":{"rendered":"<p>S\u00e3o muitas as vantagens do voo ponto a ponto para quem viaja a neg\u00f3cios ou a lazer: agilidade, conforto, privacidade e, por que n\u00e3o, estilo. Nossa equipe est\u00e1 preparada para oferecer a voc\u00ea e a seus acompanhantes a melhor experi\u00eancia.<\/p>\n","protected":false},"author":1,"featured_media":1012,"parent":0,"menu_order":0,"comment_status":"closed","ping_status":"closed","template":"","meta":[],"yoast_head":"<!-- This site is optimized with the Yoast SEO plugin v14.9 - https:\/\/yoast.com\/wordpress\/plugins\/seo\/ -->\n<meta name=\"robots\" content=\"index, follow, max-snippet:-1, max-image-preview:large, max-video-preview:-1\" \/>\n<link rel=\"canonical\" href=\"http:\/\/airjet.com.br\/?page_id=65\" \/>\n<meta property=\"og:locale\" content=\"pt_BR\" \/>\n<meta property=\"og:type\" content=\"article\" \/>\n<meta property=\"og:title\" content=\"Executivo - Air Jet Taxi A\u00e9reo\" \/>\n<meta property=\"og:description\" content=\"S\u00e3o muitas as vantagens do voo ponto a ponto para quem viaja a neg\u00f3cios ou a lazer: agilidade, conforto, privacidade e, por que n\u00e3o, estilo. Nossa equipe est\u00e1 preparada para oferecer a voc\u00ea e a seus acompanhantes a melhor experi\u00eancia.\" \/>\n<meta property=\"og:url\" content=\"http:\/\/airjet.com.br\/?page_id=65\" \/>\n<meta property=\"og:site_name\" content=\"Air Jet Taxi A\u00e9reo\" \/>\n<meta property=\"article:modified_time\" content=\"2024-03-04T21:45:35+00:00\" \/>\n<meta property=\"og:image\" content=\"https:\/\/airjet.com.br\/wp-content\/uploads\/2024\/03\/GLOBAL_EXECUTIVO_INT_01-scaled.jpg\" \/>\n\t<meta property=\"og:image:width\" content=\"2560\" \/>\n\t<meta property=\"og:image:height\" content=\"1710\" \/>\n<meta name=\"twitter:card\" content=\"summary_large_image\" \/>\n<script type=\"application\/ld+json\" class=\"yoast-schema-graph\">{\"@context\":\"https:\/\/schema.org\",\"@graph\":[{\"@type\":\"Organization\",\"@id\":\"https:\/\/airjet.com.br\/#organization\",\"name\":\"Air Jet Taxi A\\u00e9reo\",\"url\":\"https:\/\/airjet.com.br\/\",\"sameAs\":[\"https:\/\/www.instagram.com\/airjettaxiaereo\/\"],\"logo\":{\"@type\":\"ImageObject\",\"@id\":\"https:\/\/airjet.com.br\/#logo\",\"inLanguage\":\"pt-BR\",\"url\":\"https:\/\/airjet.com.br\/wp-content\/uploads\/2020\/07\/logo-airjet.png\",\"width\":128,\"height\":47,\"caption\":\"Air Jet Taxi A\\u00e9reo\"},\"image\":{\"@id\":\"https:\/\/airjet.com.br\/#logo\"}},{\"@type\":\"WebSite\",\"@id\":\"https:\/\/airjet.com.br\/#website\",\"url\":\"https:\/\/airjet.com.br\/\",\"name\":\"Air Jet Taxi A\\u00e9reo\",\"description\":\"\",\"publisher\":{\"@id\":\"https:\/\/airjet.com.br\/#organization\"},\"potentialAction\":[{\"@type\":\"SearchAction\",\"target\":\"https:\/\/airjet.com.br\/?s={search_term_string}\",\"query-input\":\"required name=search_term_string\"}],\"inLanguage\":\"pt-BR\"},{\"@type\":\"ImageObject\",\"@id\":\"http:\/\/airjet.com.br\/?page_id=65#primaryimage\",\"inLanguage\":\"pt-BR\",\"url\":\"https:\/\/airjet.com.br\/wp-content\/uploads\/2024\/03\/GLOBAL_EXECUTIVO_INT_01-scaled.jpg\",\"width\":2560,\"height\":1710},{\"@type\":\"WebPage\",\"@id\":\"http:\/\/airjet.com.br\/?page_id=65#webpage\",\"url\":\"http:\/\/airjet.com.br\/?page_id=65\",\"name\":\"Executivo - Air Jet Taxi A\\u00e9reo\",\"isPartOf\":{\"@id\":\"https:\/\/airjet.com.br\/#website\"},\"primaryImageOfPage\":{\"@id\":\"http:\/\/airjet.com.br\/?page_id=65#primaryimage\"},\"datePublished\":\"2020-07-10T20:01:44+00:00\",\"dateModified\":\"2024-03-04T21:45:35+00:00\",\"inLanguage\":\"pt-BR\",\"potentialAction\":[{\"@type\":\"ReadAction\",\"target\":[\"http:\/\/airjet.com.br\/?page_id=65\"]}]}]}<\/script>\n<!-- \/ Yoast SEO plugin. -->","_links":{"self":[{"href":"https:\/\/airjet.com.br\/index.php?rest_route=\/wp\/v2\/pages\/65"}],"collection":[{"href":"https:\/\/airjet.com.br\/index.php?rest_route=\/wp\/v2\/pages"}],"about":[{"href":"https:\/\/airjet.com.br\/index.php?rest_route=\/wp\/v2\/types\/page"}],"author":[{"embeddable":true,"href":"https:\/\/airjet.com.br\/index.php?rest_route=\/wp\/v2\/users\/1"}],"replies":[{"embeddable":true,"href":"https:\/\/airjet.com.br\/index.php?rest_route=%2Fwp%2Fv2%2Fcomments&post=65"}],"version-history":[{"count":2,"href":"https:\/\/airjet.com.br\/index.php?rest_route=\/wp\/v2\/pages\/65\/revisions"}],"predecessor-version":[{"id":188,"href":"https:\/\/airjet.com.br\/index.php?rest_route=\/wp\/v2\/pages\/65\/revisions\/188"}],"wp:featuredmedia":[{"embeddable":true,"href":"https:\/\/airjet.com.br\/index.php?rest_route=\/wp\/v2\/media\/1012"}],"wp:attachment":[{"href":"https:\/\/airjet.com.br\/index.php?rest_route=%2Fwp%2Fv2%2Fmedia&parent=65"}],"curies":[{"name":"wp","href":"https:\/\/api.w.org\/{rel}","templated":true}]}}