


{"id":58,"date":"2020-07-10T16:54:05","date_gmt":"2020-07-10T19:54:05","guid":{"rendered":"http:\/\/airjet.com.br\/?page_id=58"},"modified":"2023-04-19T11:23:09","modified_gmt":"2023-04-19T14:23:09","slug":"competitive-edge","status":"publish","type":"page","link":"https:\/\/airjet.com.br\/?page_id=58&lang=en","title":{"rendered":"Competitive Edge"},"content":{"rendered":"\n<ul><li><b>Versatility<\/b>: aircrafts fit to accomplish different missions.<\/li><li><b>Experienced crew<\/b>: pilots who are trained yearly in certified simulators abroad.<\/li><li><b>Personalized service<\/b>: service is planned to meet the needs and exceed the expectations of each passenger, from the first contact to the final destination.<\/li><li><b>Safety<\/b>: we effectively meet the norms set forth by the National Civil Aviation Agency (Ag\u00eancia Nacional de Avia\u00e7\u00e3o Civil &#8211; ANAC) and are certified to offer air taxi services, aeromedical transport and SAS; and our aircrafts undergo maintenance in top-tier repair stations duly certified by ANAC.<\/li><\/ul>\n\n\n\n<p>Watch our safety video.<\/p>\n\n\n\n<figure class=\"wp-block-embed-youtube alignwide wp-block-embed is-type-video is-provider-youtube wp-embed-aspect-16-9 wp-has-aspect-ratio\"><div class=\"wp-block-embed__wrapper\">\n<iframe title=\"V\u00eddeo de Seguran\u00e7a\" width=\"500\" height=\"281\" src=\"https:\/\/www.youtube.com\/embed\/hRt7NpkD6fk?feature=oembed\" frameborder=\"0\" allow=\"accelerometer; autoplay; clipboard-write; encrypted-media; gyroscope; picture-in-picture; web-share\" allowfullscreen><\/iframe>\n<\/div><\/figure>\n\n\n\n<p><\/p>\n","protected":false},"excerpt":{"rendered":"<p>Versatility: aircrafts fit to accomplish different missions. Experienced crew: pilots who are trained yearly in certified simulators abroad. Personalized service: service is planned to meet the needs and exceed the expectations of each passenger, from the first contact to the final destination. Safety: we effectively meet the norms set forth by the National Civil Aviation [&hellip;]<\/p>\n","protected":false},"author":1,"featured_media":876,"parent":0,"menu_order":0,"comment_status":"closed","ping_status":"closed","template":"","meta":[],"yoast_head":"<!-- This site is optimized with the Yoast SEO plugin v14.9 - https:\/\/yoast.com\/wordpress\/plugins\/seo\/ -->\n<meta name=\"robots\" content=\"index, follow, max-snippet:-1, max-image-preview:large, max-video-preview:-1\" \/>\n<link rel=\"canonical\" href=\"http:\/\/airjet.com.br\/?page_id=58&#038;lang=en\" \/>\n<meta property=\"og:locale\" content=\"pt_BR\" \/>\n<meta property=\"og:type\" content=\"article\" \/>\n<meta property=\"og:title\" content=\"Competitive Edge - Air Jet Taxi A\u00e9reo\" \/>\n<meta property=\"og:description\" content=\"Versatility: aircrafts fit to accomplish different missions. Experienced crew: pilots who are trained yearly in certified simulators abroad. Personalized service: service is planned to meet the needs and exceed the expectations of each passenger, from the first contact to the final destination. Safety: we effectively meet the norms set forth by the National Civil Aviation [&hellip;]\" \/>\n<meta property=\"og:url\" content=\"http:\/\/airjet.com.br\/?page_id=58&amp;lang=en\" \/>\n<meta property=\"og:site_name\" content=\"Air Jet Taxi A\u00e9reo\" \/>\n<meta property=\"article:modified_time\" content=\"2023-04-19T14:23:09+00:00\" \/>\n<meta property=\"og:image\" content=\"https:\/\/airjet.com.br\/wp-content\/uploads\/2021\/08\/banner_airjet_2-1-1024x384.png\" \/>\n\t<meta property=\"og:image:width\" content=\"1024\" \/>\n\t<meta property=\"og:image:height\" content=\"384\" \/>\n<meta name=\"twitter:card\" content=\"summary_large_image\" \/>\n<script type=\"application\/ld+json\" class=\"yoast-schema-graph\">{\"@context\":\"https:\/\/schema.org\",\"@graph\":[{\"@type\":\"Organization\",\"@id\":\"https:\/\/airjet.com.br\/#organization\",\"name\":\"Air Jet Taxi A\\u00e9reo\",\"url\":\"https:\/\/airjet.com.br\/\",\"sameAs\":[\"https:\/\/www.instagram.com\/airjettaxiaereo\/\"],\"logo\":{\"@type\":\"ImageObject\",\"@id\":\"https:\/\/airjet.com.br\/#logo\",\"inLanguage\":\"pt-BR\",\"url\":\"https:\/\/airjet.com.br\/wp-content\/uploads\/2020\/07\/logo-airjet.png\",\"width\":128,\"height\":47,\"caption\":\"Air Jet Taxi A\\u00e9reo\"},\"image\":{\"@id\":\"https:\/\/airjet.com.br\/#logo\"}},{\"@type\":\"WebSite\",\"@id\":\"https:\/\/airjet.com.br\/#website\",\"url\":\"https:\/\/airjet.com.br\/\",\"name\":\"Air Jet Taxi A\\u00e9reo\",\"description\":\"\",\"publisher\":{\"@id\":\"https:\/\/airjet.com.br\/#organization\"},\"potentialAction\":[{\"@type\":\"SearchAction\",\"target\":\"https:\/\/airjet.com.br\/?s={search_term_string}\",\"query-input\":\"required name=search_term_string\"}],\"inLanguage\":\"pt-BR\"},{\"@type\":\"ImageObject\",\"@id\":\"http:\/\/airjet.com.br\/?page_id=58&lang=en#primaryimage\",\"inLanguage\":\"pt-BR\",\"url\":\"https:\/\/airjet.com.br\/wp-content\/uploads\/2021\/08\/banner_airjet_2-1.png\",\"width\":1920,\"height\":720},{\"@type\":\"WebPage\",\"@id\":\"http:\/\/airjet.com.br\/?page_id=58&lang=en#webpage\",\"url\":\"http:\/\/airjet.com.br\/?page_id=58&lang=en\",\"name\":\"Competitive Edge - Air Jet Taxi A\\u00e9reo\",\"isPartOf\":{\"@id\":\"https:\/\/airjet.com.br\/#website\"},\"primaryImageOfPage\":{\"@id\":\"http:\/\/airjet.com.br\/?page_id=58&lang=en#primaryimage\"},\"datePublished\":\"2020-07-10T19:54:05+00:00\",\"dateModified\":\"2023-04-19T14:23:09+00:00\",\"inLanguage\":\"pt-BR\",\"potentialAction\":[{\"@type\":\"ReadAction\",\"target\":[\"http:\/\/airjet.com.br\/?page_id=58&lang=en\"]}]}]}<\/script>\n<!-- \/ Yoast SEO plugin. -->","_links":{"self":[{"href":"https:\/\/airjet.com.br\/index.php?rest_route=\/wp\/v2\/pages\/58"}],"collection":[{"href":"https:\/\/airjet.com.br\/index.php?rest_route=\/wp\/v2\/pages"}],"about":[{"href":"https:\/\/airjet.com.br\/index.php?rest_route=\/wp\/v2\/types\/page"}],"author":[{"embeddable":true,"href":"https:\/\/airjet.com.br\/index.php?rest_route=\/wp\/v2\/users\/1"}],"replies":[{"embeddable":true,"href":"https:\/\/airjet.com.br\/index.php?rest_route=%2Fwp%2Fv2%2Fcomments&post=58"}],"version-history":[{"count":4,"href":"https:\/\/airjet.com.br\/index.php?rest_route=\/wp\/v2\/pages\/58\/revisions"}],"predecessor-version":[{"id":1000,"href":"https:\/\/airjet.com.br\/index.php?rest_route=\/wp\/v2\/pages\/58\/revisions\/1000"}],"wp:featuredmedia":[{"embeddable":true,"href":"https:\/\/airjet.com.br\/index.php?rest_route=\/wp\/v2\/media\/876"}],"wp:attachment":[{"href":"https:\/\/airjet.com.br\/index.php?rest_route=%2Fwp%2Fv2%2Fmedia&parent=58"}],"curies":[{"name":"wp","href":"https:\/\/api.w.org\/{rel}","templated":true}]}}