


{"id":505,"date":"2021-02-12T11:45:41","date_gmt":"2021-02-12T14:45:41","guid":{"rendered":"http:\/\/airjet.com.br\/?page_id=505"},"modified":"2024-03-04T19:21:44","modified_gmt":"2024-03-04T22:21:44","slug":"global-express","status":"publish","type":"page","link":"https:\/\/airjet.com.br\/?page_id=505","title":{"rendered":"Global Express"},"content":{"rendered":"\n<p>Aeronave com capacidade de voar entre os dois pontos do mundo com apenas uma parada, o Global Express, pioneiro em jatos particulares de ultra longo alcance, possui cabine luxuosa, projetada para oferecer conforto durante longos voos transoce\u00e2nicos. Na espa\u00e7osa cabine principal, voc\u00ea relaxa em assentos reclin\u00e1veis, e ainda conta com cabine privativa.<\/p>\n\n\n\n<ul><li><strong>Servi\u00e7o: <\/strong>executivo.<\/li><li><strong>Capacidade: <\/strong>at\u00e9 14 passageiros.<\/li><li><strong>Velocidade: <\/strong>890 km\/h.<\/li><li><strong>Alcance:<\/strong> at\u00e9 10.350 Km.<\/li><\/ul>\n\n\n<div id=\"control\"><\/div><ul class=\"blocks-gallery-grid\"><li><img width=\"2560\" height=\"1710\" src=\"https:\/\/airjet.com.br\/wp-content\/uploads\/2024\/03\/GLOBAL_BANDA_INT_03-scaled.jpg\" class=\"attachment-full size-full\" alt=\"\" loading=\"lazy\" srcset=\"https:\/\/airjet.com.br\/wp-content\/uploads\/2024\/03\/GLOBAL_BANDA_INT_03-scaled.jpg 2560w, https:\/\/airjet.com.br\/wp-content\/uploads\/2024\/03\/GLOBAL_BANDA_INT_03-300x200.jpg 300w, https:\/\/airjet.com.br\/wp-content\/uploads\/2024\/03\/GLOBAL_BANDA_INT_03-1024x684.jpg 1024w, https:\/\/airjet.com.br\/wp-content\/uploads\/2024\/03\/GLOBAL_BANDA_INT_03-768x513.jpg 768w, https:\/\/airjet.com.br\/wp-content\/uploads\/2024\/03\/GLOBAL_BANDA_INT_03-1536x1026.jpg 1536w, https:\/\/airjet.com.br\/wp-content\/uploads\/2024\/03\/GLOBAL_BANDA_INT_03-2048x1368.jpg 2048w, https:\/\/airjet.com.br\/wp-content\/uploads\/2024\/03\/GLOBAL_BANDA_INT_03-1200x802.jpg 1200w, https:\/\/airjet.com.br\/wp-content\/uploads\/2024\/03\/GLOBAL_BANDA_INT_03-1980x1322.jpg 1980w\" sizes=\"(max-width: 2560px) 100vw, 2560px\" \/><\/li><li><img width=\"2560\" height=\"1710\" src=\"https:\/\/airjet.com.br\/wp-content\/uploads\/2024\/03\/GLOBAL_COKPIT_01-scaled.jpg\" class=\"attachment-full size-full\" alt=\"\" loading=\"lazy\" srcset=\"https:\/\/airjet.com.br\/wp-content\/uploads\/2024\/03\/GLOBAL_COKPIT_01-scaled.jpg 2560w, https:\/\/airjet.com.br\/wp-content\/uploads\/2024\/03\/GLOBAL_COKPIT_01-300x200.jpg 300w, https:\/\/airjet.com.br\/wp-content\/uploads\/2024\/03\/GLOBAL_COKPIT_01-1024x684.jpg 1024w, https:\/\/airjet.com.br\/wp-content\/uploads\/2024\/03\/GLOBAL_COKPIT_01-768x513.jpg 768w, https:\/\/airjet.com.br\/wp-content\/uploads\/2024\/03\/GLOBAL_COKPIT_01-1536x1026.jpg 1536w, https:\/\/airjet.com.br\/wp-content\/uploads\/2024\/03\/GLOBAL_COKPIT_01-2048x1368.jpg 2048w, https:\/\/airjet.com.br\/wp-content\/uploads\/2024\/03\/GLOBAL_COKPIT_01-1200x802.jpg 1200w, https:\/\/airjet.com.br\/wp-content\/uploads\/2024\/03\/GLOBAL_COKPIT_01-1980x1322.jpg 1980w\" sizes=\"(max-width: 2560px) 100vw, 2560px\" \/><\/li><li><img width=\"2560\" height=\"1710\" src=\"https:\/\/airjet.com.br\/wp-content\/uploads\/2024\/03\/GLOBAL_EXECUTIVO_EXT_01-scaled.jpg\" class=\"attachment-full size-full\" alt=\"\" loading=\"lazy\" srcset=\"https:\/\/airjet.com.br\/wp-content\/uploads\/2024\/03\/GLOBAL_EXECUTIVO_EXT_01-scaled.jpg 2560w, https:\/\/airjet.com.br\/wp-content\/uploads\/2024\/03\/GLOBAL_EXECUTIVO_EXT_01-300x200.jpg 300w, https:\/\/airjet.com.br\/wp-content\/uploads\/2024\/03\/GLOBAL_EXECUTIVO_EXT_01-1024x684.jpg 1024w, https:\/\/airjet.com.br\/wp-content\/uploads\/2024\/03\/GLOBAL_EXECUTIVO_EXT_01-768x513.jpg 768w, https:\/\/airjet.com.br\/wp-content\/uploads\/2024\/03\/GLOBAL_EXECUTIVO_EXT_01-1536x1026.jpg 1536w, https:\/\/airjet.com.br\/wp-content\/uploads\/2024\/03\/GLOBAL_EXECUTIVO_EXT_01-2048x1368.jpg 2048w, https:\/\/airjet.com.br\/wp-content\/uploads\/2024\/03\/GLOBAL_EXECUTIVO_EXT_01-1200x802.jpg 1200w, https:\/\/airjet.com.br\/wp-content\/uploads\/2024\/03\/GLOBAL_EXECUTIVO_EXT_01-1980x1323.jpg 1980w\" sizes=\"(max-width: 2560px) 100vw, 2560px\" \/><\/li><li><img width=\"2560\" height=\"1710\" src=\"https:\/\/airjet.com.br\/wp-content\/uploads\/2024\/03\/GLOBAL_EXTERNO_01-scaled.jpg\" class=\"attachment-full size-full\" alt=\"\" loading=\"lazy\" srcset=\"https:\/\/airjet.com.br\/wp-content\/uploads\/2024\/03\/GLOBAL_EXTERNO_01-scaled.jpg 2560w, https:\/\/airjet.com.br\/wp-content\/uploads\/2024\/03\/GLOBAL_EXTERNO_01-300x200.jpg 300w, https:\/\/airjet.com.br\/wp-content\/uploads\/2024\/03\/GLOBAL_EXTERNO_01-1024x684.jpg 1024w, https:\/\/airjet.com.br\/wp-content\/uploads\/2024\/03\/GLOBAL_EXTERNO_01-768x513.jpg 768w, https:\/\/airjet.com.br\/wp-content\/uploads\/2024\/03\/GLOBAL_EXTERNO_01-1536x1026.jpg 1536w, https:\/\/airjet.com.br\/wp-content\/uploads\/2024\/03\/GLOBAL_EXTERNO_01-2048x1368.jpg 2048w, https:\/\/airjet.com.br\/wp-content\/uploads\/2024\/03\/GLOBAL_EXTERNO_01-1200x801.jpg 1200w, https:\/\/airjet.com.br\/wp-content\/uploads\/2024\/03\/GLOBAL_EXTERNO_01-1980x1322.jpg 1980w\" sizes=\"(max-width: 2560px) 100vw, 2560px\" \/><\/li><li><img width=\"2560\" height=\"1710\" src=\"https:\/\/airjet.com.br\/wp-content\/uploads\/2024\/03\/GLOBAL_EXTERNO_04-scaled.jpg\" class=\"attachment-full size-full\" alt=\"\" loading=\"lazy\" srcset=\"https:\/\/airjet.com.br\/wp-content\/uploads\/2024\/03\/GLOBAL_EXTERNO_04-scaled.jpg 2560w, https:\/\/airjet.com.br\/wp-content\/uploads\/2024\/03\/GLOBAL_EXTERNO_04-300x200.jpg 300w, https:\/\/airjet.com.br\/wp-content\/uploads\/2024\/03\/GLOBAL_EXTERNO_04-1024x684.jpg 1024w, https:\/\/airjet.com.br\/wp-content\/uploads\/2024\/03\/GLOBAL_EXTERNO_04-768x513.jpg 768w, https:\/\/airjet.com.br\/wp-content\/uploads\/2024\/03\/GLOBAL_EXTERNO_04-1536x1026.jpg 1536w, https:\/\/airjet.com.br\/wp-content\/uploads\/2024\/03\/GLOBAL_EXTERNO_04-2048x1368.jpg 2048w, https:\/\/airjet.com.br\/wp-content\/uploads\/2024\/03\/GLOBAL_EXTERNO_04-1200x802.jpg 1200w, https:\/\/airjet.com.br\/wp-content\/uploads\/2024\/03\/GLOBAL_EXTERNO_04-1980x1322.jpg 1980w\" sizes=\"(max-width: 2560px) 100vw, 2560px\" \/><\/li><li><img width=\"2560\" height=\"1709\" src=\"https:\/\/airjet.com.br\/wp-content\/uploads\/2024\/03\/GLOBAL_EXTERNO_07-scaled.jpg\" class=\"attachment-full size-full\" alt=\"\" loading=\"lazy\" srcset=\"https:\/\/airjet.com.br\/wp-content\/uploads\/2024\/03\/GLOBAL_EXTERNO_07-scaled.jpg 2560w, https:\/\/airjet.com.br\/wp-content\/uploads\/2024\/03\/GLOBAL_EXTERNO_07-300x200.jpg 300w, https:\/\/airjet.com.br\/wp-content\/uploads\/2024\/03\/GLOBAL_EXTERNO_07-1024x684.jpg 1024w, https:\/\/airjet.com.br\/wp-content\/uploads\/2024\/03\/GLOBAL_EXTERNO_07-768x513.jpg 768w, https:\/\/airjet.com.br\/wp-content\/uploads\/2024\/03\/GLOBAL_EXTERNO_07-1536x1025.jpg 1536w, https:\/\/airjet.com.br\/wp-content\/uploads\/2024\/03\/GLOBAL_EXTERNO_07-2048x1367.jpg 2048w, https:\/\/airjet.com.br\/wp-content\/uploads\/2024\/03\/GLOBAL_EXTERNO_07-1200x801.jpg 1200w, https:\/\/airjet.com.br\/wp-content\/uploads\/2024\/03\/GLOBAL_EXTERNO_07-1980x1322.jpg 1980w\" sizes=\"(max-width: 2560px) 100vw, 2560px\" \/><\/li><li><img width=\"2560\" height=\"1710\" src=\"https:\/\/airjet.com.br\/wp-content\/uploads\/2024\/03\/GLOBAL_INTERNA_01-scaled.jpg\" class=\"attachment-full size-full\" alt=\"\" loading=\"lazy\" srcset=\"https:\/\/airjet.com.br\/wp-content\/uploads\/2024\/03\/GLOBAL_INTERNA_01-scaled.jpg 2560w, https:\/\/airjet.com.br\/wp-content\/uploads\/2024\/03\/GLOBAL_INTERNA_01-300x200.jpg 300w, https:\/\/airjet.com.br\/wp-content\/uploads\/2024\/03\/GLOBAL_INTERNA_01-1024x684.jpg 1024w, https:\/\/airjet.com.br\/wp-content\/uploads\/2024\/03\/GLOBAL_INTERNA_01-768x513.jpg 768w, https:\/\/airjet.com.br\/wp-content\/uploads\/2024\/03\/GLOBAL_INTERNA_01-1536x1026.jpg 1536w, https:\/\/airjet.com.br\/wp-content\/uploads\/2024\/03\/GLOBAL_INTERNA_01-2048x1368.jpg 2048w, https:\/\/airjet.com.br\/wp-content\/uploads\/2024\/03\/GLOBAL_INTERNA_01-1200x802.jpg 1200w, https:\/\/airjet.com.br\/wp-content\/uploads\/2024\/03\/GLOBAL_INTERNA_01-1980x1322.jpg 1980w\" sizes=\"(max-width: 2560px) 100vw, 2560px\" \/><\/li><li><img width=\"2560\" height=\"1710\" src=\"https:\/\/airjet.com.br\/wp-content\/uploads\/2024\/03\/GLOBAL_INTERNA_02-scaled.jpg\" class=\"attachment-full size-full\" alt=\"\" loading=\"lazy\" srcset=\"https:\/\/airjet.com.br\/wp-content\/uploads\/2024\/03\/GLOBAL_INTERNA_02-scaled.jpg 2560w, https:\/\/airjet.com.br\/wp-content\/uploads\/2024\/03\/GLOBAL_INTERNA_02-300x200.jpg 300w, https:\/\/airjet.com.br\/wp-content\/uploads\/2024\/03\/GLOBAL_INTERNA_02-1024x684.jpg 1024w, https:\/\/airjet.com.br\/wp-content\/uploads\/2024\/03\/GLOBAL_INTERNA_02-768x513.jpg 768w, https:\/\/airjet.com.br\/wp-content\/uploads\/2024\/03\/GLOBAL_INTERNA_02-1536x1026.jpg 1536w, https:\/\/airjet.com.br\/wp-content\/uploads\/2024\/03\/GLOBAL_INTERNA_02-2048x1368.jpg 2048w, https:\/\/airjet.com.br\/wp-content\/uploads\/2024\/03\/GLOBAL_INTERNA_02-1200x802.jpg 1200w, https:\/\/airjet.com.br\/wp-content\/uploads\/2024\/03\/GLOBAL_INTERNA_02-1980x1322.jpg 1980w\" sizes=\"(max-width: 2560px) 100vw, 2560px\" \/><\/li><li><img width=\"2560\" height=\"1710\" src=\"https:\/\/airjet.com.br\/wp-content\/uploads\/2024\/03\/GLOBAL_INTERNA_06-scaled.jpg\" class=\"attachment-full size-full\" alt=\"\" loading=\"lazy\" srcset=\"https:\/\/airjet.com.br\/wp-content\/uploads\/2024\/03\/GLOBAL_INTERNA_06-scaled.jpg 2560w, https:\/\/airjet.com.br\/wp-content\/uploads\/2024\/03\/GLOBAL_INTERNA_06-300x200.jpg 300w, https:\/\/airjet.com.br\/wp-content\/uploads\/2024\/03\/GLOBAL_INTERNA_06-1024x684.jpg 1024w, https:\/\/airjet.com.br\/wp-content\/uploads\/2024\/03\/GLOBAL_INTERNA_06-768x513.jpg 768w, https:\/\/airjet.com.br\/wp-content\/uploads\/2024\/03\/GLOBAL_INTERNA_06-1536x1026.jpg 1536w, https:\/\/airjet.com.br\/wp-content\/uploads\/2024\/03\/GLOBAL_INTERNA_06-2048x1368.jpg 2048w, https:\/\/airjet.com.br\/wp-content\/uploads\/2024\/03\/GLOBAL_INTERNA_06-1200x802.jpg 1200w, https:\/\/airjet.com.br\/wp-content\/uploads\/2024\/03\/GLOBAL_INTERNA_06-1980x1322.jpg 1980w\" sizes=\"(max-width: 2560px) 100vw, 2560px\" \/><\/li><li><img width=\"2560\" height=\"1710\" src=\"https:\/\/airjet.com.br\/wp-content\/uploads\/2024\/03\/GLOBAL_INTERNA_08-scaled.jpg\" class=\"attachment-full size-full\" alt=\"\" loading=\"lazy\" srcset=\"https:\/\/airjet.com.br\/wp-content\/uploads\/2024\/03\/GLOBAL_INTERNA_08-scaled.jpg 2560w, https:\/\/airjet.com.br\/wp-content\/uploads\/2024\/03\/GLOBAL_INTERNA_08-300x200.jpg 300w, https:\/\/airjet.com.br\/wp-content\/uploads\/2024\/03\/GLOBAL_INTERNA_08-1024x684.jpg 1024w, https:\/\/airjet.com.br\/wp-content\/uploads\/2024\/03\/GLOBAL_INTERNA_08-768x513.jpg 768w, https:\/\/airjet.com.br\/wp-content\/uploads\/2024\/03\/GLOBAL_INTERNA_08-1536x1026.jpg 1536w, https:\/\/airjet.com.br\/wp-content\/uploads\/2024\/03\/GLOBAL_INTERNA_08-2048x1368.jpg 2048w, https:\/\/airjet.com.br\/wp-content\/uploads\/2024\/03\/GLOBAL_INTERNA_08-1200x802.jpg 1200w, https:\/\/airjet.com.br\/wp-content\/uploads\/2024\/03\/GLOBAL_INTERNA_08-1980x1323.jpg 1980w\" sizes=\"(max-width: 2560px) 100vw, 2560px\" \/><\/li><\/ul><div id=\"thumbs\" class=\"d-lg-block d-none\"><a><img width=\"2560\" height=\"1710\" src=\"https:\/\/airjet.com.br\/wp-content\/uploads\/2024\/03\/GLOBAL_BANDA_INT_03-scaled.jpg\" class=\"attachment-small size-small\" alt=\"\" loading=\"lazy\" srcset=\"https:\/\/airjet.com.br\/wp-content\/uploads\/2024\/03\/GLOBAL_BANDA_INT_03-scaled.jpg 2560w, https:\/\/airjet.com.br\/wp-content\/uploads\/2024\/03\/GLOBAL_BANDA_INT_03-300x200.jpg 300w, https:\/\/airjet.com.br\/wp-content\/uploads\/2024\/03\/GLOBAL_BANDA_INT_03-1024x684.jpg 1024w, https:\/\/airjet.com.br\/wp-content\/uploads\/2024\/03\/GLOBAL_BANDA_INT_03-768x513.jpg 768w, https:\/\/airjet.com.br\/wp-content\/uploads\/2024\/03\/GLOBAL_BANDA_INT_03-1536x1026.jpg 1536w, https:\/\/airjet.com.br\/wp-content\/uploads\/2024\/03\/GLOBAL_BANDA_INT_03-2048x1368.jpg 2048w, https:\/\/airjet.com.br\/wp-content\/uploads\/2024\/03\/GLOBAL_BANDA_INT_03-1200x802.jpg 1200w, https:\/\/airjet.com.br\/wp-content\/uploads\/2024\/03\/GLOBAL_BANDA_INT_03-1980x1322.jpg 1980w\" sizes=\"(max-width: 2560px) 100vw, 2560px\" \/><\/a><a><img width=\"2560\" height=\"1710\" src=\"https:\/\/airjet.com.br\/wp-content\/uploads\/2024\/03\/GLOBAL_COKPIT_01-scaled.jpg\" class=\"attachment-small size-small\" alt=\"\" loading=\"lazy\" srcset=\"https:\/\/airjet.com.br\/wp-content\/uploads\/2024\/03\/GLOBAL_COKPIT_01-scaled.jpg 2560w, https:\/\/airjet.com.br\/wp-content\/uploads\/2024\/03\/GLOBAL_COKPIT_01-300x200.jpg 300w, https:\/\/airjet.com.br\/wp-content\/uploads\/2024\/03\/GLOBAL_COKPIT_01-1024x684.jpg 1024w, https:\/\/airjet.com.br\/wp-content\/uploads\/2024\/03\/GLOBAL_COKPIT_01-768x513.jpg 768w, https:\/\/airjet.com.br\/wp-content\/uploads\/2024\/03\/GLOBAL_COKPIT_01-1536x1026.jpg 1536w, https:\/\/airjet.com.br\/wp-content\/uploads\/2024\/03\/GLOBAL_COKPIT_01-2048x1368.jpg 2048w, https:\/\/airjet.com.br\/wp-content\/uploads\/2024\/03\/GLOBAL_COKPIT_01-1200x802.jpg 1200w, https:\/\/airjet.com.br\/wp-content\/uploads\/2024\/03\/GLOBAL_COKPIT_01-1980x1322.jpg 1980w\" sizes=\"(max-width: 2560px) 100vw, 2560px\" \/><\/a><a><img width=\"2560\" height=\"1710\" src=\"https:\/\/airjet.com.br\/wp-content\/uploads\/2024\/03\/GLOBAL_EXECUTIVO_EXT_01-scaled.jpg\" class=\"attachment-small size-small\" alt=\"\" loading=\"lazy\" srcset=\"https:\/\/airjet.com.br\/wp-content\/uploads\/2024\/03\/GLOBAL_EXECUTIVO_EXT_01-scaled.jpg 2560w, https:\/\/airjet.com.br\/wp-content\/uploads\/2024\/03\/GLOBAL_EXECUTIVO_EXT_01-300x200.jpg 300w, https:\/\/airjet.com.br\/wp-content\/uploads\/2024\/03\/GLOBAL_EXECUTIVO_EXT_01-1024x684.jpg 1024w, https:\/\/airjet.com.br\/wp-content\/uploads\/2024\/03\/GLOBAL_EXECUTIVO_EXT_01-768x513.jpg 768w, https:\/\/airjet.com.br\/wp-content\/uploads\/2024\/03\/GLOBAL_EXECUTIVO_EXT_01-1536x1026.jpg 1536w, https:\/\/airjet.com.br\/wp-content\/uploads\/2024\/03\/GLOBAL_EXECUTIVO_EXT_01-2048x1368.jpg 2048w, https:\/\/airjet.com.br\/wp-content\/uploads\/2024\/03\/GLOBAL_EXECUTIVO_EXT_01-1200x802.jpg 1200w, https:\/\/airjet.com.br\/wp-content\/uploads\/2024\/03\/GLOBAL_EXECUTIVO_EXT_01-1980x1323.jpg 1980w\" sizes=\"(max-width: 2560px) 100vw, 2560px\" \/><\/a><a><img width=\"2560\" height=\"1710\" src=\"https:\/\/airjet.com.br\/wp-content\/uploads\/2024\/03\/GLOBAL_EXTERNO_01-scaled.jpg\" class=\"attachment-small size-small\" alt=\"\" loading=\"lazy\" srcset=\"https:\/\/airjet.com.br\/wp-content\/uploads\/2024\/03\/GLOBAL_EXTERNO_01-scaled.jpg 2560w, https:\/\/airjet.com.br\/wp-content\/uploads\/2024\/03\/GLOBAL_EXTERNO_01-300x200.jpg 300w, https:\/\/airjet.com.br\/wp-content\/uploads\/2024\/03\/GLOBAL_EXTERNO_01-1024x684.jpg 1024w, https:\/\/airjet.com.br\/wp-content\/uploads\/2024\/03\/GLOBAL_EXTERNO_01-768x513.jpg 768w, https:\/\/airjet.com.br\/wp-content\/uploads\/2024\/03\/GLOBAL_EXTERNO_01-1536x1026.jpg 1536w, https:\/\/airjet.com.br\/wp-content\/uploads\/2024\/03\/GLOBAL_EXTERNO_01-2048x1368.jpg 2048w, https:\/\/airjet.com.br\/wp-content\/uploads\/2024\/03\/GLOBAL_EXTERNO_01-1200x801.jpg 1200w, https:\/\/airjet.com.br\/wp-content\/uploads\/2024\/03\/GLOBAL_EXTERNO_01-1980x1322.jpg 1980w\" sizes=\"(max-width: 2560px) 100vw, 2560px\" \/><\/a><a><img width=\"2560\" height=\"1710\" src=\"https:\/\/airjet.com.br\/wp-content\/uploads\/2024\/03\/GLOBAL_EXTERNO_04-scaled.jpg\" class=\"attachment-small size-small\" alt=\"\" loading=\"lazy\" srcset=\"https:\/\/airjet.com.br\/wp-content\/uploads\/2024\/03\/GLOBAL_EXTERNO_04-scaled.jpg 2560w, https:\/\/airjet.com.br\/wp-content\/uploads\/2024\/03\/GLOBAL_EXTERNO_04-300x200.jpg 300w, https:\/\/airjet.com.br\/wp-content\/uploads\/2024\/03\/GLOBAL_EXTERNO_04-1024x684.jpg 1024w, https:\/\/airjet.com.br\/wp-content\/uploads\/2024\/03\/GLOBAL_EXTERNO_04-768x513.jpg 768w, https:\/\/airjet.com.br\/wp-content\/uploads\/2024\/03\/GLOBAL_EXTERNO_04-1536x1026.jpg 1536w, https:\/\/airjet.com.br\/wp-content\/uploads\/2024\/03\/GLOBAL_EXTERNO_04-2048x1368.jpg 2048w, https:\/\/airjet.com.br\/wp-content\/uploads\/2024\/03\/GLOBAL_EXTERNO_04-1200x802.jpg 1200w, https:\/\/airjet.com.br\/wp-content\/uploads\/2024\/03\/GLOBAL_EXTERNO_04-1980x1322.jpg 1980w\" sizes=\"(max-width: 2560px) 100vw, 2560px\" \/><\/a><a><img width=\"2560\" height=\"1709\" src=\"https:\/\/airjet.com.br\/wp-content\/uploads\/2024\/03\/GLOBAL_EXTERNO_07-scaled.jpg\" class=\"attachment-small size-small\" alt=\"\" loading=\"lazy\" srcset=\"https:\/\/airjet.com.br\/wp-content\/uploads\/2024\/03\/GLOBAL_EXTERNO_07-scaled.jpg 2560w, https:\/\/airjet.com.br\/wp-content\/uploads\/2024\/03\/GLOBAL_EXTERNO_07-300x200.jpg 300w, https:\/\/airjet.com.br\/wp-content\/uploads\/2024\/03\/GLOBAL_EXTERNO_07-1024x684.jpg 1024w, https:\/\/airjet.com.br\/wp-content\/uploads\/2024\/03\/GLOBAL_EXTERNO_07-768x513.jpg 768w, https:\/\/airjet.com.br\/wp-content\/uploads\/2024\/03\/GLOBAL_EXTERNO_07-1536x1025.jpg 1536w, https:\/\/airjet.com.br\/wp-content\/uploads\/2024\/03\/GLOBAL_EXTERNO_07-2048x1367.jpg 2048w, https:\/\/airjet.com.br\/wp-content\/uploads\/2024\/03\/GLOBAL_EXTERNO_07-1200x801.jpg 1200w, https:\/\/airjet.com.br\/wp-content\/uploads\/2024\/03\/GLOBAL_EXTERNO_07-1980x1322.jpg 1980w\" sizes=\"(max-width: 2560px) 100vw, 2560px\" \/><\/a><a><img width=\"2560\" height=\"1710\" src=\"https:\/\/airjet.com.br\/wp-content\/uploads\/2024\/03\/GLOBAL_INTERNA_01-scaled.jpg\" class=\"attachment-small size-small\" alt=\"\" loading=\"lazy\" srcset=\"https:\/\/airjet.com.br\/wp-content\/uploads\/2024\/03\/GLOBAL_INTERNA_01-scaled.jpg 2560w, https:\/\/airjet.com.br\/wp-content\/uploads\/2024\/03\/GLOBAL_INTERNA_01-300x200.jpg 300w, https:\/\/airjet.com.br\/wp-content\/uploads\/2024\/03\/GLOBAL_INTERNA_01-1024x684.jpg 1024w, https:\/\/airjet.com.br\/wp-content\/uploads\/2024\/03\/GLOBAL_INTERNA_01-768x513.jpg 768w, https:\/\/airjet.com.br\/wp-content\/uploads\/2024\/03\/GLOBAL_INTERNA_01-1536x1026.jpg 1536w, https:\/\/airjet.com.br\/wp-content\/uploads\/2024\/03\/GLOBAL_INTERNA_01-2048x1368.jpg 2048w, https:\/\/airjet.com.br\/wp-content\/uploads\/2024\/03\/GLOBAL_INTERNA_01-1200x802.jpg 1200w, https:\/\/airjet.com.br\/wp-content\/uploads\/2024\/03\/GLOBAL_INTERNA_01-1980x1322.jpg 1980w\" sizes=\"(max-width: 2560px) 100vw, 2560px\" \/><\/a><a><img width=\"2560\" height=\"1710\" src=\"https:\/\/airjet.com.br\/wp-content\/uploads\/2024\/03\/GLOBAL_INTERNA_02-scaled.jpg\" class=\"attachment-small size-small\" alt=\"\" loading=\"lazy\" srcset=\"https:\/\/airjet.com.br\/wp-content\/uploads\/2024\/03\/GLOBAL_INTERNA_02-scaled.jpg 2560w, https:\/\/airjet.com.br\/wp-content\/uploads\/2024\/03\/GLOBAL_INTERNA_02-300x200.jpg 300w, https:\/\/airjet.com.br\/wp-content\/uploads\/2024\/03\/GLOBAL_INTERNA_02-1024x684.jpg 1024w, https:\/\/airjet.com.br\/wp-content\/uploads\/2024\/03\/GLOBAL_INTERNA_02-768x513.jpg 768w, https:\/\/airjet.com.br\/wp-content\/uploads\/2024\/03\/GLOBAL_INTERNA_02-1536x1026.jpg 1536w, https:\/\/airjet.com.br\/wp-content\/uploads\/2024\/03\/GLOBAL_INTERNA_02-2048x1368.jpg 2048w, https:\/\/airjet.com.br\/wp-content\/uploads\/2024\/03\/GLOBAL_INTERNA_02-1200x802.jpg 1200w, https:\/\/airjet.com.br\/wp-content\/uploads\/2024\/03\/GLOBAL_INTERNA_02-1980x1322.jpg 1980w\" sizes=\"(max-width: 2560px) 100vw, 2560px\" \/><\/a><a><img width=\"2560\" height=\"1710\" src=\"https:\/\/airjet.com.br\/wp-content\/uploads\/2024\/03\/GLOBAL_INTERNA_06-scaled.jpg\" class=\"attachment-small size-small\" alt=\"\" loading=\"lazy\" srcset=\"https:\/\/airjet.com.br\/wp-content\/uploads\/2024\/03\/GLOBAL_INTERNA_06-scaled.jpg 2560w, https:\/\/airjet.com.br\/wp-content\/uploads\/2024\/03\/GLOBAL_INTERNA_06-300x200.jpg 300w, https:\/\/airjet.com.br\/wp-content\/uploads\/2024\/03\/GLOBAL_INTERNA_06-1024x684.jpg 1024w, https:\/\/airjet.com.br\/wp-content\/uploads\/2024\/03\/GLOBAL_INTERNA_06-768x513.jpg 768w, https:\/\/airjet.com.br\/wp-content\/uploads\/2024\/03\/GLOBAL_INTERNA_06-1536x1026.jpg 1536w, https:\/\/airjet.com.br\/wp-content\/uploads\/2024\/03\/GLOBAL_INTERNA_06-2048x1368.jpg 2048w, https:\/\/airjet.com.br\/wp-content\/uploads\/2024\/03\/GLOBAL_INTERNA_06-1200x802.jpg 1200w, https:\/\/airjet.com.br\/wp-content\/uploads\/2024\/03\/GLOBAL_INTERNA_06-1980x1322.jpg 1980w\" sizes=\"(max-width: 2560px) 100vw, 2560px\" \/><\/a><a><img width=\"2560\" height=\"1710\" src=\"https:\/\/airjet.com.br\/wp-content\/uploads\/2024\/03\/GLOBAL_INTERNA_08-scaled.jpg\" class=\"attachment-small size-small\" alt=\"\" loading=\"lazy\" srcset=\"https:\/\/airjet.com.br\/wp-content\/uploads\/2024\/03\/GLOBAL_INTERNA_08-scaled.jpg 2560w, https:\/\/airjet.com.br\/wp-content\/uploads\/2024\/03\/GLOBAL_INTERNA_08-300x200.jpg 300w, https:\/\/airjet.com.br\/wp-content\/uploads\/2024\/03\/GLOBAL_INTERNA_08-1024x684.jpg 1024w, https:\/\/airjet.com.br\/wp-content\/uploads\/2024\/03\/GLOBAL_INTERNA_08-768x513.jpg 768w, https:\/\/airjet.com.br\/wp-content\/uploads\/2024\/03\/GLOBAL_INTERNA_08-1536x1026.jpg 1536w, https:\/\/airjet.com.br\/wp-content\/uploads\/2024\/03\/GLOBAL_INTERNA_08-2048x1368.jpg 2048w, https:\/\/airjet.com.br\/wp-content\/uploads\/2024\/03\/GLOBAL_INTERNA_08-1200x802.jpg 1200w, https:\/\/airjet.com.br\/wp-content\/uploads\/2024\/03\/GLOBAL_INTERNA_08-1980x1323.jpg 1980w\" sizes=\"(max-width: 2560px) 100vw, 2560px\" \/><\/a><\/div>","protected":false},"excerpt":{"rendered":"<p>Aeronave com capacidade de voar entre os dois pontos do mundo com apenas uma parada, o Global Express, pioneiro em jatos particulares de ultra longo alcance, possui cabine luxuosa, projetada para oferecer conforto durante longos voos transoce\u00e2nicos. Na espa\u00e7osa cabine principal, voc\u00ea relaxa em assentos reclin\u00e1veis, e ainda conta com cabine privativa. Servi\u00e7o: executivo. Capacidade: [&hellip;]<\/p>\n","protected":false},"author":4,"featured_media":1034,"parent":423,"menu_order":0,"comment_status":"closed","ping_status":"closed","template":"","meta":[],"yoast_head":"<!-- This site is optimized with the Yoast SEO plugin v14.9 - https:\/\/yoast.com\/wordpress\/plugins\/seo\/ -->\n<meta name=\"robots\" content=\"index, follow, max-snippet:-1, max-image-preview:large, max-video-preview:-1\" \/>\n<link rel=\"canonical\" href=\"https:\/\/airjet.com.br\/?page_id=505\" \/>\n<meta property=\"og:locale\" content=\"pt_BR\" \/>\n<meta property=\"og:type\" content=\"article\" \/>\n<meta property=\"og:title\" content=\"Global Express - Air Jet Taxi A\u00e9reo\" \/>\n<meta property=\"og:description\" content=\"Aeronave com capacidade de voar entre os dois pontos do mundo com apenas uma parada, o Global Express, pioneiro em jatos particulares de ultra longo alcance, possui cabine luxuosa, projetada para oferecer conforto durante longos voos transoce\u00e2nicos. Na espa\u00e7osa cabine principal, voc\u00ea relaxa em assentos reclin\u00e1veis, e ainda conta com cabine privativa. Servi\u00e7o: executivo. Capacidade: [&hellip;]\" \/>\n<meta property=\"og:url\" content=\"https:\/\/airjet.com.br\/?page_id=505\" \/>\n<meta property=\"og:site_name\" content=\"Air Jet Taxi A\u00e9reo\" \/>\n<meta property=\"article:modified_time\" content=\"2024-03-04T22:21:44+00:00\" \/>\n<meta property=\"og:image\" content=\"https:\/\/airjet.com.br\/wp-content\/uploads\/2024\/03\/GLOBAL_EXTERNO_04-scaled.jpg\" \/>\n\t<meta property=\"og:image:width\" content=\"2560\" \/>\n\t<meta property=\"og:image:height\" content=\"1710\" \/>\n<meta name=\"twitter:card\" content=\"summary_large_image\" \/>\n<script type=\"application\/ld+json\" class=\"yoast-schema-graph\">{\"@context\":\"https:\/\/schema.org\",\"@graph\":[{\"@type\":\"Organization\",\"@id\":\"https:\/\/airjet.com.br\/#organization\",\"name\":\"Air Jet Taxi A\\u00e9reo\",\"url\":\"https:\/\/airjet.com.br\/\",\"sameAs\":[\"https:\/\/www.instagram.com\/airjettaxiaereo\/\"],\"logo\":{\"@type\":\"ImageObject\",\"@id\":\"https:\/\/airjet.com.br\/#logo\",\"inLanguage\":\"pt-BR\",\"url\":\"https:\/\/airjet.com.br\/wp-content\/uploads\/2020\/07\/logo-airjet.png\",\"width\":128,\"height\":47,\"caption\":\"Air Jet Taxi A\\u00e9reo\"},\"image\":{\"@id\":\"https:\/\/airjet.com.br\/#logo\"}},{\"@type\":\"WebSite\",\"@id\":\"https:\/\/airjet.com.br\/#website\",\"url\":\"https:\/\/airjet.com.br\/\",\"name\":\"Air Jet Taxi A\\u00e9reo\",\"description\":\"\",\"publisher\":{\"@id\":\"https:\/\/airjet.com.br\/#organization\"},\"potentialAction\":[{\"@type\":\"SearchAction\",\"target\":\"https:\/\/airjet.com.br\/?s={search_term_string}\",\"query-input\":\"required name=search_term_string\"}],\"inLanguage\":\"pt-BR\"},{\"@type\":\"ImageObject\",\"@id\":\"https:\/\/airjet.com.br\/?page_id=505#primaryimage\",\"inLanguage\":\"pt-BR\",\"url\":\"https:\/\/airjet.com.br\/wp-content\/uploads\/2024\/03\/GLOBAL_EXTERNO_04-scaled.jpg\",\"width\":2560,\"height\":1710},{\"@type\":\"WebPage\",\"@id\":\"https:\/\/airjet.com.br\/?page_id=505#webpage\",\"url\":\"https:\/\/airjet.com.br\/?page_id=505\",\"name\":\"Global Express - Air Jet Taxi A\\u00e9reo\",\"isPartOf\":{\"@id\":\"https:\/\/airjet.com.br\/#website\"},\"primaryImageOfPage\":{\"@id\":\"https:\/\/airjet.com.br\/?page_id=505#primaryimage\"},\"datePublished\":\"2021-02-12T14:45:41+00:00\",\"dateModified\":\"2024-03-04T22:21:44+00:00\",\"inLanguage\":\"pt-BR\",\"potentialAction\":[{\"@type\":\"ReadAction\",\"target\":[\"https:\/\/airjet.com.br\/?page_id=505\"]}]}]}<\/script>\n<!-- \/ Yoast SEO plugin. -->","_links":{"self":[{"href":"https:\/\/airjet.com.br\/index.php?rest_route=\/wp\/v2\/pages\/505"}],"collection":[{"href":"https:\/\/airjet.com.br\/index.php?rest_route=\/wp\/v2\/pages"}],"about":[{"href":"https:\/\/airjet.com.br\/index.php?rest_route=\/wp\/v2\/types\/page"}],"author":[{"embeddable":true,"href":"https:\/\/airjet.com.br\/index.php?rest_route=\/wp\/v2\/users\/4"}],"replies":[{"embeddable":true,"href":"https:\/\/airjet.com.br\/index.php?rest_route=%2Fwp%2Fv2%2Fcomments&post=505"}],"version-history":[{"count":3,"href":"https:\/\/airjet.com.br\/index.php?rest_route=\/wp\/v2\/pages\/505\/revisions"}],"predecessor-version":[{"id":1040,"href":"https:\/\/airjet.com.br\/index.php?rest_route=\/wp\/v2\/pages\/505\/revisions\/1040"}],"up":[{"embeddable":true,"href":"https:\/\/airjet.com.br\/index.php?rest_route=\/wp\/v2\/pages\/423"}],"wp:featuredmedia":[{"embeddable":true,"href":"https:\/\/airjet.com.br\/index.php?rest_route=\/wp\/v2\/media\/1034"}],"wp:attachment":[{"href":"https:\/\/airjet.com.br\/index.php?rest_route=%2Fwp%2Fv2%2Fmedia&parent=505"}],"curies":[{"name":"wp","href":"https:\/\/api.w.org\/{rel}","templated":true}]}}