


{"id":423,"date":"2020-10-15T16:46:05","date_gmt":"2020-10-15T19:46:05","guid":{"rendered":"http:\/\/airjet.com.br\/?page_id=423"},"modified":"2024-09-09T15:12:04","modified_gmt":"2024-09-09T18:12:04","slug":"bombardier-challenger-604","status":"publish","type":"page","link":"https:\/\/airjet.com.br\/?page_id=423","title":{"rendered":"Airbus \u2013 H145"},"content":{"rendered":"\n<p>A empresa conta com uma aeronave, que \u00e9 o mais avan\u00e7ado na sua categoria. O helic\u00f3ptero \u00e9 equipado com cinco p\u00e1s, proporcionando menos vibra\u00e7\u00e3o e ru\u00eddo durante o voo, al\u00e9m de apresentarem uma estrutura compacta, motor potente, 150 quilos adicionais de carga \u00fatil e o que h\u00e1 de mais recente em tecnologia, especialmente no cockpit.<\/p>\n\n\n\n<p>Outro diferencial \u00e9 o novo projeto de rotor principal, sem rolamentos, que aumenta a seguran\u00e7a dos passageiros e facilita a manuten\u00e7\u00e3o, al\u00e9m de garantir maior conforto durante a viagem. Com design moderno, as aeronaves tamb\u00e9m se destacam pelo espa\u00e7o interno, que traz comodidade aos passageiros.<\/p>\n\n\n\n<ul id=\"block-b410a890-3e8e-450c-854d-a02d066203c7\"><li><strong>Servi\u00e7o:<\/strong>&nbsp;executivo.<\/li><li><strong>Capacidade:<\/strong>&nbsp;at\u00e9 09 passageiros.<\/li><li><strong>Velocidade:<\/strong>&nbsp;241 km\/h.<\/li><li><strong>Alcance:<\/strong>&nbsp;at\u00e9 650 Km.<\/li><\/ul>\n\n\n<div id=\"control\"><\/div><ul class=\"blocks-gallery-grid\"><li><img width=\"1920\" height=\"1280\" src=\"https:\/\/airjet.com.br\/wp-content\/uploads\/2022\/07\/H145-2-1.jpg\" class=\"attachment-full size-full\" alt=\"\" loading=\"lazy\" srcset=\"https:\/\/airjet.com.br\/wp-content\/uploads\/2022\/07\/H145-2-1.jpg 1920w, https:\/\/airjet.com.br\/wp-content\/uploads\/2022\/07\/H145-2-1-300x200.jpg 300w, https:\/\/airjet.com.br\/wp-content\/uploads\/2022\/07\/H145-2-1-1024x683.jpg 1024w, https:\/\/airjet.com.br\/wp-content\/uploads\/2022\/07\/H145-2-1-768x512.jpg 768w, https:\/\/airjet.com.br\/wp-content\/uploads\/2022\/07\/H145-2-1-1536x1024.jpg 1536w, https:\/\/airjet.com.br\/wp-content\/uploads\/2022\/07\/H145-2-1-1200x800.jpg 1200w\" sizes=\"(max-width: 1920px) 100vw, 1920px\" \/><\/li><li><img width=\"1920\" height=\"1280\" src=\"https:\/\/airjet.com.br\/wp-content\/uploads\/2022\/07\/H145-3-1.jpg\" class=\"attachment-full size-full\" alt=\"\" loading=\"lazy\" srcset=\"https:\/\/airjet.com.br\/wp-content\/uploads\/2022\/07\/H145-3-1.jpg 1920w, https:\/\/airjet.com.br\/wp-content\/uploads\/2022\/07\/H145-3-1-300x200.jpg 300w, https:\/\/airjet.com.br\/wp-content\/uploads\/2022\/07\/H145-3-1-1024x683.jpg 1024w, https:\/\/airjet.com.br\/wp-content\/uploads\/2022\/07\/H145-3-1-768x512.jpg 768w, https:\/\/airjet.com.br\/wp-content\/uploads\/2022\/07\/H145-3-1-1536x1024.jpg 1536w, https:\/\/airjet.com.br\/wp-content\/uploads\/2022\/07\/H145-3-1-1200x800.jpg 1200w\" sizes=\"(max-width: 1920px) 100vw, 1920px\" \/><\/li><li><img width=\"1920\" height=\"1280\" src=\"https:\/\/airjet.com.br\/wp-content\/uploads\/2022\/07\/H145-4-1.jpg\" class=\"attachment-full size-full\" alt=\"\" loading=\"lazy\" srcset=\"https:\/\/airjet.com.br\/wp-content\/uploads\/2022\/07\/H145-4-1.jpg 1920w, https:\/\/airjet.com.br\/wp-content\/uploads\/2022\/07\/H145-4-1-300x200.jpg 300w, https:\/\/airjet.com.br\/wp-content\/uploads\/2022\/07\/H145-4-1-1024x683.jpg 1024w, https:\/\/airjet.com.br\/wp-content\/uploads\/2022\/07\/H145-4-1-768x512.jpg 768w, https:\/\/airjet.com.br\/wp-content\/uploads\/2022\/07\/H145-4-1-1536x1024.jpg 1536w, https:\/\/airjet.com.br\/wp-content\/uploads\/2022\/07\/H145-4-1-1200x800.jpg 1200w\" sizes=\"(max-width: 1920px) 100vw, 1920px\" \/><\/li><li><img width=\"1920\" height=\"1280\" src=\"https:\/\/airjet.com.br\/wp-content\/uploads\/2022\/07\/H145-5-1.jpg\" class=\"attachment-full size-full\" alt=\"\" loading=\"lazy\" srcset=\"https:\/\/airjet.com.br\/wp-content\/uploads\/2022\/07\/H145-5-1.jpg 1920w, https:\/\/airjet.com.br\/wp-content\/uploads\/2022\/07\/H145-5-1-300x200.jpg 300w, https:\/\/airjet.com.br\/wp-content\/uploads\/2022\/07\/H145-5-1-1024x683.jpg 1024w, https:\/\/airjet.com.br\/wp-content\/uploads\/2022\/07\/H145-5-1-768x512.jpg 768w, https:\/\/airjet.com.br\/wp-content\/uploads\/2022\/07\/H145-5-1-1536x1024.jpg 1536w, https:\/\/airjet.com.br\/wp-content\/uploads\/2022\/07\/H145-5-1-1200x800.jpg 1200w\" sizes=\"(max-width: 1920px) 100vw, 1920px\" \/><\/li><li><img width=\"1920\" height=\"1280\" src=\"https:\/\/airjet.com.br\/wp-content\/uploads\/2022\/07\/H145-6-1.jpg\" class=\"attachment-full size-full\" alt=\"\" loading=\"lazy\" srcset=\"https:\/\/airjet.com.br\/wp-content\/uploads\/2022\/07\/H145-6-1.jpg 1920w, https:\/\/airjet.com.br\/wp-content\/uploads\/2022\/07\/H145-6-1-300x200.jpg 300w, https:\/\/airjet.com.br\/wp-content\/uploads\/2022\/07\/H145-6-1-1024x683.jpg 1024w, https:\/\/airjet.com.br\/wp-content\/uploads\/2022\/07\/H145-6-1-768x512.jpg 768w, https:\/\/airjet.com.br\/wp-content\/uploads\/2022\/07\/H145-6-1-1536x1024.jpg 1536w, https:\/\/airjet.com.br\/wp-content\/uploads\/2022\/07\/H145-6-1-1200x800.jpg 1200w\" sizes=\"(max-width: 1920px) 100vw, 1920px\" \/><\/li><\/ul><div id=\"thumbs\" class=\"d-lg-block d-none\"><a><img width=\"1920\" height=\"1280\" src=\"https:\/\/airjet.com.br\/wp-content\/uploads\/2022\/07\/H145-2-1.jpg\" class=\"attachment-small size-small\" alt=\"\" loading=\"lazy\" srcset=\"https:\/\/airjet.com.br\/wp-content\/uploads\/2022\/07\/H145-2-1.jpg 1920w, https:\/\/airjet.com.br\/wp-content\/uploads\/2022\/07\/H145-2-1-300x200.jpg 300w, https:\/\/airjet.com.br\/wp-content\/uploads\/2022\/07\/H145-2-1-1024x683.jpg 1024w, https:\/\/airjet.com.br\/wp-content\/uploads\/2022\/07\/H145-2-1-768x512.jpg 768w, https:\/\/airjet.com.br\/wp-content\/uploads\/2022\/07\/H145-2-1-1536x1024.jpg 1536w, https:\/\/airjet.com.br\/wp-content\/uploads\/2022\/07\/H145-2-1-1200x800.jpg 1200w\" sizes=\"(max-width: 1920px) 100vw, 1920px\" \/><\/a><a><img width=\"1920\" height=\"1280\" src=\"https:\/\/airjet.com.br\/wp-content\/uploads\/2022\/07\/H145-3-1.jpg\" class=\"attachment-small size-small\" alt=\"\" loading=\"lazy\" srcset=\"https:\/\/airjet.com.br\/wp-content\/uploads\/2022\/07\/H145-3-1.jpg 1920w, https:\/\/airjet.com.br\/wp-content\/uploads\/2022\/07\/H145-3-1-300x200.jpg 300w, https:\/\/airjet.com.br\/wp-content\/uploads\/2022\/07\/H145-3-1-1024x683.jpg 1024w, https:\/\/airjet.com.br\/wp-content\/uploads\/2022\/07\/H145-3-1-768x512.jpg 768w, https:\/\/airjet.com.br\/wp-content\/uploads\/2022\/07\/H145-3-1-1536x1024.jpg 1536w, https:\/\/airjet.com.br\/wp-content\/uploads\/2022\/07\/H145-3-1-1200x800.jpg 1200w\" sizes=\"(max-width: 1920px) 100vw, 1920px\" \/><\/a><a><img width=\"1920\" height=\"1280\" src=\"https:\/\/airjet.com.br\/wp-content\/uploads\/2022\/07\/H145-4-1.jpg\" class=\"attachment-small size-small\" alt=\"\" loading=\"lazy\" srcset=\"https:\/\/airjet.com.br\/wp-content\/uploads\/2022\/07\/H145-4-1.jpg 1920w, https:\/\/airjet.com.br\/wp-content\/uploads\/2022\/07\/H145-4-1-300x200.jpg 300w, https:\/\/airjet.com.br\/wp-content\/uploads\/2022\/07\/H145-4-1-1024x683.jpg 1024w, https:\/\/airjet.com.br\/wp-content\/uploads\/2022\/07\/H145-4-1-768x512.jpg 768w, https:\/\/airjet.com.br\/wp-content\/uploads\/2022\/07\/H145-4-1-1536x1024.jpg 1536w, https:\/\/airjet.com.br\/wp-content\/uploads\/2022\/07\/H145-4-1-1200x800.jpg 1200w\" sizes=\"(max-width: 1920px) 100vw, 1920px\" \/><\/a><a><img width=\"1920\" height=\"1280\" src=\"https:\/\/airjet.com.br\/wp-content\/uploads\/2022\/07\/H145-5-1.jpg\" class=\"attachment-small size-small\" alt=\"\" loading=\"lazy\" srcset=\"https:\/\/airjet.com.br\/wp-content\/uploads\/2022\/07\/H145-5-1.jpg 1920w, https:\/\/airjet.com.br\/wp-content\/uploads\/2022\/07\/H145-5-1-300x200.jpg 300w, https:\/\/airjet.com.br\/wp-content\/uploads\/2022\/07\/H145-5-1-1024x683.jpg 1024w, https:\/\/airjet.com.br\/wp-content\/uploads\/2022\/07\/H145-5-1-768x512.jpg 768w, https:\/\/airjet.com.br\/wp-content\/uploads\/2022\/07\/H145-5-1-1536x1024.jpg 1536w, https:\/\/airjet.com.br\/wp-content\/uploads\/2022\/07\/H145-5-1-1200x800.jpg 1200w\" sizes=\"(max-width: 1920px) 100vw, 1920px\" \/><\/a><a><img width=\"1920\" height=\"1280\" src=\"https:\/\/airjet.com.br\/wp-content\/uploads\/2022\/07\/H145-6-1.jpg\" class=\"attachment-small size-small\" alt=\"\" loading=\"lazy\" srcset=\"https:\/\/airjet.com.br\/wp-content\/uploads\/2022\/07\/H145-6-1.jpg 1920w, https:\/\/airjet.com.br\/wp-content\/uploads\/2022\/07\/H145-6-1-300x200.jpg 300w, https:\/\/airjet.com.br\/wp-content\/uploads\/2022\/07\/H145-6-1-1024x683.jpg 1024w, https:\/\/airjet.com.br\/wp-content\/uploads\/2022\/07\/H145-6-1-768x512.jpg 768w, https:\/\/airjet.com.br\/wp-content\/uploads\/2022\/07\/H145-6-1-1536x1024.jpg 1536w, https:\/\/airjet.com.br\/wp-content\/uploads\/2022\/07\/H145-6-1-1200x800.jpg 1200w\" sizes=\"(max-width: 1920px) 100vw, 1920px\" \/><\/a><\/div>","protected":false},"excerpt":{"rendered":"<p>A empresa conta com uma aeronave, que \u00e9 o mais avan\u00e7ado na sua categoria. O helic\u00f3ptero \u00e9 equipado com cinco p\u00e1s, proporcionando menos vibra\u00e7\u00e3o e ru\u00eddo durante o voo, al\u00e9m de apresentarem uma estrutura compacta, motor potente, 150 quilos adicionais de carga \u00fatil e o que h\u00e1 de mais recente em tecnologia, especialmente no cockpit. [&hellip;]<\/p>\n","protected":false},"author":5,"featured_media":945,"parent":0,"menu_order":0,"comment_status":"closed","ping_status":"closed","template":"","meta":[],"yoast_head":"<!-- This site is optimized with the Yoast SEO plugin v14.9 - https:\/\/yoast.com\/wordpress\/plugins\/seo\/ -->\n<meta name=\"robots\" content=\"index, follow, max-snippet:-1, max-image-preview:large, max-video-preview:-1\" \/>\n<link rel=\"canonical\" href=\"https:\/\/airjet.com.br\/?page_id=423\" \/>\n<meta property=\"og:locale\" content=\"pt_BR\" \/>\n<meta property=\"og:type\" content=\"article\" \/>\n<meta property=\"og:title\" content=\"Airbus \u2013 H145 - Air Jet Taxi A\u00e9reo\" \/>\n<meta property=\"og:description\" content=\"A empresa conta com uma aeronave, que \u00e9 o mais avan\u00e7ado na sua categoria. O helic\u00f3ptero \u00e9 equipado com cinco p\u00e1s, proporcionando menos vibra\u00e7\u00e3o e ru\u00eddo durante o voo, al\u00e9m de apresentarem uma estrutura compacta, motor potente, 150 quilos adicionais de carga \u00fatil e o que h\u00e1 de mais recente em tecnologia, especialmente no cockpit. [&hellip;]\" \/>\n<meta property=\"og:url\" content=\"https:\/\/airjet.com.br\/?page_id=423\" \/>\n<meta property=\"og:site_name\" content=\"Air Jet Taxi A\u00e9reo\" \/>\n<meta property=\"article:modified_time\" content=\"2024-09-09T18:12:04+00:00\" \/>\n<meta property=\"og:image\" content=\"https:\/\/airjet.com.br\/wp-content\/uploads\/2022\/07\/H145-2-1.jpg\" \/>\n\t<meta property=\"og:image:width\" content=\"1920\" \/>\n\t<meta property=\"og:image:height\" content=\"1280\" \/>\n<meta name=\"twitter:card\" content=\"summary_large_image\" \/>\n<script type=\"application\/ld+json\" class=\"yoast-schema-graph\">{\"@context\":\"https:\/\/schema.org\",\"@graph\":[{\"@type\":\"Organization\",\"@id\":\"https:\/\/airjet.com.br\/#organization\",\"name\":\"Air Jet Taxi A\\u00e9reo\",\"url\":\"https:\/\/airjet.com.br\/\",\"sameAs\":[\"https:\/\/www.instagram.com\/airjettaxiaereo\/\"],\"logo\":{\"@type\":\"ImageObject\",\"@id\":\"https:\/\/airjet.com.br\/#logo\",\"inLanguage\":\"pt-BR\",\"url\":\"https:\/\/airjet.com.br\/wp-content\/uploads\/2020\/07\/logo-airjet.png\",\"width\":128,\"height\":47,\"caption\":\"Air Jet Taxi A\\u00e9reo\"},\"image\":{\"@id\":\"https:\/\/airjet.com.br\/#logo\"}},{\"@type\":\"WebSite\",\"@id\":\"https:\/\/airjet.com.br\/#website\",\"url\":\"https:\/\/airjet.com.br\/\",\"name\":\"Air Jet Taxi A\\u00e9reo\",\"description\":\"\",\"publisher\":{\"@id\":\"https:\/\/airjet.com.br\/#organization\"},\"potentialAction\":[{\"@type\":\"SearchAction\",\"target\":\"https:\/\/airjet.com.br\/?s={search_term_string}\",\"query-input\":\"required name=search_term_string\"}],\"inLanguage\":\"pt-BR\"},{\"@type\":\"ImageObject\",\"@id\":\"https:\/\/airjet.com.br\/?page_id=423#primaryimage\",\"inLanguage\":\"pt-BR\",\"url\":\"https:\/\/airjet.com.br\/wp-content\/uploads\/2022\/07\/H145-2-1.jpg\",\"width\":1920,\"height\":1280},{\"@type\":\"WebPage\",\"@id\":\"https:\/\/airjet.com.br\/?page_id=423#webpage\",\"url\":\"https:\/\/airjet.com.br\/?page_id=423\",\"name\":\"Airbus \\u2013 H145 - Air Jet Taxi A\\u00e9reo\",\"isPartOf\":{\"@id\":\"https:\/\/airjet.com.br\/#website\"},\"primaryImageOfPage\":{\"@id\":\"https:\/\/airjet.com.br\/?page_id=423#primaryimage\"},\"datePublished\":\"2020-10-15T19:46:05+00:00\",\"dateModified\":\"2024-09-09T18:12:04+00:00\",\"inLanguage\":\"pt-BR\",\"potentialAction\":[{\"@type\":\"ReadAction\",\"target\":[\"https:\/\/airjet.com.br\/?page_id=423\"]}]}]}<\/script>\n<!-- \/ Yoast SEO plugin. -->","_links":{"self":[{"href":"https:\/\/airjet.com.br\/index.php?rest_route=\/wp\/v2\/pages\/423"}],"collection":[{"href":"https:\/\/airjet.com.br\/index.php?rest_route=\/wp\/v2\/pages"}],"about":[{"href":"https:\/\/airjet.com.br\/index.php?rest_route=\/wp\/v2\/types\/page"}],"author":[{"embeddable":true,"href":"https:\/\/airjet.com.br\/index.php?rest_route=\/wp\/v2\/users\/5"}],"replies":[{"embeddable":true,"href":"https:\/\/airjet.com.br\/index.php?rest_route=%2Fwp%2Fv2%2Fcomments&post=423"}],"version-history":[{"count":17,"href":"https:\/\/airjet.com.br\/index.php?rest_route=\/wp\/v2\/pages\/423\/revisions"}],"predecessor-version":[{"id":1048,"href":"https:\/\/airjet.com.br\/index.php?rest_route=\/wp\/v2\/pages\/423\/revisions\/1048"}],"wp:featuredmedia":[{"embeddable":true,"href":"https:\/\/airjet.com.br\/index.php?rest_route=\/wp\/v2\/media\/945"}],"wp:attachment":[{"href":"https:\/\/airjet.com.br\/index.php?rest_route=%2Fwp%2Fv2%2Fmedia&parent=423"}],"curies":[{"name":"wp","href":"https:\/\/api.w.org\/{rel}","templated":true}]}}